Let c(y) = y**3 + 8*y**2 - 15*y - 14. Let n be c(-10). Let h = 65 + n. What is the remainder when r is divided by h?
0
Suppose -1 + 4 = -3*q, 323 = 2*g + q. Let v be g + 3 + (-3 - 1). Calculate the remainder when 33 is divided by (-2)/(-8) - v/(-28).
3
Let k = -45 - -65. Let r = -4 + k. Suppose 5 + 42 + 3 = 5*a. What is the remainder when r is divided by a?
6
Let z = -12 + 24. Suppose s + 3*b + 107 = -0*s, 5*b = -s - 101. Let l = s + 162. What is the remainder when l is divided by z?
10
Suppose 33*c + 4284 = 50*c. What is the remainder when c is divided by 114?
24
Let u be (-1)/(-1) - (3 - 2)*-18. Let o = 38 - u. Calculate the remainder when 112 is divided by o.
17
Suppose 2*l = 2*d - l - 128, -179 = -3*d - 2*l. Let a be 2/(-4) + 308/8. Let s = a - 22. What is the remainder when d is divided by s?
13
Let w = 8 + -1. Suppose 6*z = w*z. Suppose 0 = -z*t + 3*t - 60. What is the remainder when 59 is divided by t?
19
Let k(q) = -q**3 - 25*q**2 - 145*q + 1. Calculate the remainder when k(-18) is divided by 44.
35
Suppose 66 = 2*q + 4*w, -28*q + 23*q + 90 = -5*w. Calculate the remainder when q is divided by 5.
3
What is the remainder when 159 is divided by (3 + -44)*(-1 - 0)?
36
Suppose 5*h = 8*h - 51. Suppose 5*i - 4*i + 8 = 2*x, -3 = -x + i. Suppose -3*k + 10 = -x. What is the remainder when h is divided by k?
2
What is the remainder when 160782/508*((-8)/6 - -2) is divided by 75?
61
Let v be 143 - (0/(5 + -3))/1. Let t = v + -83. What is the remainder when t is divided by 21?
18
Let f(n) = n**3 - 10*n**2 - 54*n + 11. What is the remainder when 70 is divided by f(14)?
31
Suppose -2*y + 3*y + 18 = 0. Let s = -6 - y. Suppose 9*u - s = 5*u. Calculate the remainder when 6 is divided by u.
0
Let g = 92 - 27. Calculate the remainder when g is divided by 2.
1
Suppose 3*n + 2*s - 6*s = -98, 10 = 5*s. Calculate the remainder when (-8)/(-6) - 140/n is divided by 4.
2
Calculate the remainder when 119 is divided by 34*(0 - 5/(-5)).
17
Let w = -111 + 120. Calculate the remainder when 11 is divided by w.
2
Let n(p) = 12*p - 3. Calculate the remainder when 134 is divided by n(6).
65
Let i be 4/8 + 150/4. Let o be (-15 + 14)/(1 + 6/(-4)). Suppose 0 = o*m + 3*d - i, d + 0*d = 3*m - 79. What is the remainder when m is divided by 14?
11
Let m = 24 - 20. Suppose 0*v - m*v = -b + 7, -2*b + 19 = -3*v. Suppose b*s - 76 = 9*s. What is the remainder when s is divided by 20?
18
Suppose 32*i - 383 - 353 = 0. What is the remainder when 733 is divided by i?
20
Let m(g) = -2*g**2 - 71*g - 96. What is the remainder when m(-29) is divided by 49?
36
What is the remainder when 71 is divided by (-20)/3*(-153)/204?
1
Let l be (40/(-16))/(2/(-12)). Let z = l - 2. Let o = -130 - -193. Calculate the remainder when o is divided by z.
11
Suppose 12 = i + 3. Calculate the remainder when 17 is divided by i.
8
Let p(y) = 36*y + 340. Calculate the remainder when 1294 is divided by p(-9).
14
Suppose 0 = 15*l - 21*l + 60. Calculate the remainder when 159 is divided by l.
9
Let o = -29 - -85. Calculate the remainder when 447 is divided by o.
55
Suppose -u = -3 - 6. Suppose -16 = -r - 4*y, -2 = -2*y + 2. Let j = r + 9. Calculate the remainder when j is divided by u.
8
Calculate the remainder when 495 is divided by ((-16120)/910)/((6/7)/(-3)).
61
Let w(h) = -22*h - 117. What is the remainder when 72 is divided by w(-6)?
12
Suppose 108*b - 1020 = 74*b. Calculate the remainder when 265 is divided by b.
25
Suppose 5*g + 46 = -i + 53, -3*i = 3*g - 57. What is the remainder when 94 is divided by i?
6
Let r(d) = d**2 - 8*d - 8. Let x be r(10). Calculate the remainder when 44 is divided by (4 - (4 + 3)) + x.
8
Suppose 20 = 3*q + 2*q. Let r be (-1 + 6)/(1/q). What is the remainder when 14 is divided by r/(-8)*(-1 - 1)?
4
Suppose 4*b - 3*i + 23 = 0, 0 = 5*b - 0*b + 2*i. Suppose 3*k + 7 = -4*q + 2*k, 4*q = 5*k + 11. Calculate the remainder when q/1 + b - -34 is divided by 16.
15
Let a = 67 - 72. Calculate the remainder when 121 is divided by 2/(a - 1)*(-465)/5.
28
Let m = 0 + 1. Let u = -541 - -622. What is the remainder when u is divided by ((1 - m) + 7)*3?
18
Let y(q) = -2*q + 27. Suppose 4*j - 4*c - 101 = 75, 5*c = -4*j + 185. Calculate the remainder when j is divided by y(8).
1
Suppose 5*o - 2*v - 1162 = 0, -36*o + 254 = -35*o + 5*v. Calculate the remainder when o is divided by 22.
14
Let k(r) = r**3 - 6*r**2 + 8*r - 9. What is the remainder when 13 is divided by k(5)?
1
Suppose 5*y = -4*n + 53, 0 = 2*y - 3*y - 3*n + 15. Suppose -19 = -4*o + 25. Suppose 5 = 5*c, -2*u + 16 = -5*c - o. What is the remainder when u is divided by y?
7
Let h(r) = r**2 + 7*r + 26. What is the remainder when h(-7) is divided by (0 + 2)*9/2?
8
Let s(w) = -3*w**2 + 134*w - 116. Calculate the remainder when s(38) is divided by 82.
70
Calculate the remainder when -1 + 139 - (-14 - -6 - -9) is divided by 20.
17
Suppose 812 = 51*u - 157. Let l(w) = -9*w. Calculate the remainder when l(-4) is divided by u.
17
Let k(f) = 254 + 4*f + f - 273 - 2*f. What is the remainder when 28 is divided by k(10)?
6
Suppose -2*p + 1088 = 6*p. Calculate the remainder when p is divided by 49.
38
Let k(j) = -j**3 + 23*j**2 + 24*j + 17. Let x be k(24). Let p = -2 + 5. Suppose -x - 22 = -p*m. Calculate the remainder when 24 is divided by m.
11
Suppose 6*n + 6 = 48. Suppose 120 = 15*a - n*a. What is the remainder when 41 is divided by a?
11
Calculate the remainder when (-9 - -14)/(1/4) is divided by 5.
0
Calculate the remainder when 249 is divided by (-690)/(-40) + (-6)/24.
11
Suppose -o + 2 = -3*o. Let u(j) = 10*j**2 + j. Calculate the remainder when 33 is divided by u(o).
6
Let j = 28 + -12. Let r(p) = 70*p - 154. What is the remainder when r(4) is divided by j?
14
Suppose 7*y = 3*y + 12. Suppose -w + s + y = -1, 7 = 2*w - s. Suppose 2*b + 5*h - 65 = -w*b, 2*b = 2*h + 6. What is the remainder when 13 is divided by b?
5
Suppose -5*a - 40 = -13*a. Suppose -5*h = 25, y = 8*h - a*h + 26. What is the remainder when 41 is divided by y?
8
Let b(g) = -81*g - 1. Let n be -76 - 1/(-2)*-2. Let z = -36 - n. What is the remainder when b(-2) is divided by z?
38
Calculate the remainder when 294 is divided by (1300/11)/2 - (-14)/(-154).
58
Let h(z) = z**2 + 8*z - 5. Let c be 20/30*423/6. Let v = c - 16. What is the remainder when v is divided by h(-9)?
3
Let x be 231/55 + 1/(-5). Suppose 5 = z + 3*y, 0*z + x*y - 52 = -4*z. What is the remainder when 81 is divided by z?
13
Suppose w + 33 = 4*w. Let h(u) = 7 - 5 + 3*u + 14. Calculate the remainder when h(9) is divided by w.
10
Suppose -3 = 2*o - 1. Let i = 27 - o. Suppose 2*x - 26 = -c, 5*x - 3*c - 83 = -c. What is the remainder when i is divided by x?
13
Let u(l) = -20*l - 71. Calculate the remainder when u(-21) is divided by 16.
13
Let z be 6/(18/(-15)) - 31. What is the remainder when 413 is divided by (-1704)/z - (-4)/(-3)?
45
Suppose 4*o - 5664 = -50*o - 42*o. Let z(r) = -11*r + 1. Let n = 2 - 3. What is the remainder when o is divided by z(n)?
11
What is the remainder when 4/(-5) - 12/120*-1298 is divided by 65?
64
What is the remainder when 59 is divided by -3*(-3)/(-6)*768/(-36)?
27
Suppose 5*f - 320 = -160. What is the remainder when 119 is divided by f?
23
Let m be (10/(-2) + 2)*-1. Let l = 1 - 1. Suppose m*x - 8*x + 215 = l. What is the remainder when x is divided by 11?
10
Let h be (53 - (0 + -1)) + -2. Let m = 100 - 71. Let n = h - m. What is the remainder when n is divided by 13?
10
Let c = -271 + 414. Calculate the remainder when c is divided by 34.
7
Let q(u) = 5*u**2 + 12*u + 38. Calculate the remainder when 97 is divided by q(-3).
3
Let f(a) = a**3 - 4*a**2 + 4*a + 5. Suppose 3*m - 7 = -4*x + 9, 3*x + 3*m - 12 = 0. Calculate the remainder when 124 is divided by f(x).
19
Suppose -297 - 63 = -5*s. Suppose -2*f - s = -5*f. Calculate the remainder when 95 is divided by f.
23
Suppose -410 - 22 = -27*g. What is the remainder when (-1)/((3/183)/(-1)) is divided by g?
13
Suppose -u = 2*r - 2*u - 40, 4*u - 30 = -2*r. Calculate the remainder when r is divided by 14.
5
Let f be 3 + (-8)/1 - 47. Let z = 105 + f. What is the remainder when z is divided by 15?
8
Let w(d) = -d**2 - 13*d + 405. What is the remainder when 431 is divided by w(-27)?
26
Suppose -131 - 19 = -5*u. Suppose l + u = 91. Let f = -32 + l. What